{"id":2,"date":"2023-08-24T18:17:18","date_gmt":"2023-08-24T18:17:18","guid":{"rendered":"https:\/\/pogrzeby-marcol.pl\/?page_id=2"},"modified":"2025-02-22T08:12:01","modified_gmt":"2025-02-22T08:12:01","slug":"kontakt","status":"publish","type":"page","link":"http:\/\/pogrzeby-marcol.pl\/?page_id=2","title":{"rendered":"Kontakt"},"content":{"rendered":"\t\t<div data-elementor-type=\"wp-page\" data-elementor-id=\"2\" class=\"elementor elementor-2\">\n\t\t\t\t\t\t<section class=\"elementor-section elementor-top-section elementor-element elementor-element-db633e9 elementor-section-boxed elementor-section-height-default elementor-section-height-default\" data-id=\"db633e9\" data-element_type=\"section\">\n\t\t\t\t\t\t<div class=\"elementor-container elementor-column-gap-default\">\n\t\t\t\t\t<div class=\"elementor-column elementor-col-100 elementor-top-column elementor-element elementor-element-0618cbe\" data-id=\"0618cbe\" data-element_type=\"column\">\n\t\t\t<div class=\"elementor-widget-wrap\">\n\t\t\t\t\t\t\t<\/div>\n\t\t<\/div>\n\t\t\t\t\t<\/div>\n\t\t<\/section>\n\t\t\t\t<section class=\"elementor-section elementor-top-section elementor-element elementor-element-2dbd64a elementor-section-boxed elementor-section-height-default elementor-section-height-default\" data-id=\"2dbd64a\" data-element_type=\"section\" data-settings=\"{&quot;background_background&quot;:&quot;classic&quot;}\">\n\t\t\t\t\t\t\t<div class=\"elementor-background-overlay\"><\/div>\n\t\t\t\t\t\t\t<div class=\"elementor-container elementor-column-gap-default\">\n\t\t\t\t\t<div class=\"elementor-column elementor-col-100 elementor-top-column elementor-element elementor-element-181ddff\" data-id=\"181ddff\" data-element_type=\"column\">\n\t\t\t<div class=\"elementor-widget-wrap elementor-element-populated\">\n\t\t\t\t\t\t<div class=\"elementor-element elementor-element-026574f elementor-widget elementor-widget-spacer\" data-id=\"026574f\" data-element_type=\"widget\" data-widget_type=\"spacer.default\">\n\t\t\t\t<div class=\"elementor-widget-container\">\n\t\t\t\t\t\t\t<div class=\"elementor-spacer\">\n\t\t\t<div class=\"elementor-spacer-inner\"><\/div>\n\t\t<\/div>\n\t\t\t\t\t\t<\/div>\n\t\t\t\t<\/div>\n\t\t\t\t<div class=\"elementor-element elementor-element-1ff0701 elementor-widget elementor-widget-heading\" data-id=\"1ff0701\" data-element_type=\"widget\" data-widget_type=\"heading.default\">\n\t\t\t\t<div class=\"elementor-widget-container\">\n\t\t\t\t\t<h2 class=\"elementor-heading-title elementor-size-default\">Kontakt<\/h2>\t\t\t\t<\/div>\n\t\t\t\t<\/div>\n\t\t\t\t<div class=\"elementor-element elementor-element-3213d16 elementor-widget-divider--view-line elementor-widget elementor-widget-divider\" data-id=\"3213d16\" data-element_type=\"widget\" data-widget_type=\"divider.default\">\n\t\t\t\t<div class=\"elementor-widget-container\">\n\t\t\t\t\t\t\t<div class=\"elementor-divider\">\n\t\t\t<span class=\"elementor-divider-separator\">\n\t\t\t\t\t\t<\/span>\n\t\t<\/div>\n\t\t\t\t\t\t<\/div>\n\t\t\t\t<\/div>\n\t\t\t\t<div class=\"elementor-element elementor-element-954af19 elementor-widget elementor-widget-text-editor\" data-id=\"954af19\" data-element_type=\"widget\" data-widget_type=\"text-editor.default\">\n\t\t\t\t<div class=\"elementor-widget-container\">\n\t\t\t\t\t\t\t\t\t<p>Zapraszamy do kontaktu pod\u00a0<strong>ca\u0142odobowym<\/strong> numerem telefonu\u00a0lub poprzez formularz kontaktowy.<\/p><p>Biuro czynne od poniedzia\u0142ku do pi\u0105tku <br \/>w godzinach 8:00-16:00.<\/p>\t\t\t\t\t\t\t\t<\/div>\n\t\t\t\t<\/div>\n\t\t\t\t\t<\/div>\n\t\t<\/div>\n\t\t\t\t\t<\/div>\n\t\t<\/section>\n\t\t\t\t<section class=\"elementor-section elementor-top-section elementor-element elementor-element-852366c elementor-section-boxed elementor-section-height-default elementor-section-height-default\" data-id=\"852366c\" data-element_type=\"section\" data-settings=\"{&quot;background_background&quot;:&quot;classic&quot;}\">\n\t\t\t\t\t\t\t<div class=\"elementor-background-overlay\"><\/div>\n\t\t\t\t\t\t\t<div class=\"elementor-container elementor-column-gap-default\">\n\t\t\t\t\t<div class=\"elementor-column elementor-col-33 elementor-top-column elementor-element elementor-element-47ee05d\" data-id=\"47ee05d\" data-element_type=\"column\">\n\t\t\t<div class=\"elementor-widget-wrap elementor-element-populated\">\n\t\t\t\t\t\t<div class=\"elementor-element elementor-element-9e0e035 elementor-view-default elementor-position-top elementor-mobile-position-top elementor-widget elementor-widget-icon-box\" data-id=\"9e0e035\" data-element_type=\"widget\" data-widget_type=\"icon-box.default\">\n\t\t\t\t<div class=\"elementor-widget-container\">\n\t\t\t\t\t\t\t<div class=\"elementor-icon-box-wrapper\">\n\n\t\t\t\t\t\t<div class=\"elementor-icon-box-icon\">\n\t\t\t\t<span  class=\"elementor-icon\">\n\t\t\t\t<i aria-hidden=\"true\" class=\"fas fa-phone-volume\"><\/i>\t\t\t\t<\/span>\n\t\t\t<\/div>\n\t\t\t\n\t\t\t\t\t\t<div class=\"elementor-icon-box-content\">\n\n\t\t\t\t\t\t\t\t\t<h3 class=\"elementor-icon-box-title\">\n\t\t\t\t\t\t<span  >\n\t\t\t\t\t\t\tTelefon ca\u0142odobowy\t\t\t\t\t\t<\/span>\n\t\t\t\t\t<\/h3>\n\t\t\t\t\n\t\t\t\t\t\t\t\t\t<p class=\"elementor-icon-box-description\">\n\t\t\t\t\t\t<b>+48 604 543 478<\/b><br><b>32 410 24 23<\/b>\t\t\t\t\t<\/p>\n\t\t\t\t\n\t\t\t<\/div>\n\t\t\t\n\t\t<\/div>\n\t\t\t\t\t\t<\/div>\n\t\t\t\t<\/div>\n\t\t\t\t\t<\/div>\n\t\t<\/div>\n\t\t\t\t<div class=\"elementor-column elementor-col-33 elementor-top-column elementor-element elementor-element-e84bc5f\" data-id=\"e84bc5f\" data-element_type=\"column\">\n\t\t\t<div class=\"elementor-widget-wrap elementor-element-populated\">\n\t\t\t\t\t\t<div class=\"elementor-element elementor-element-b12d6d7 elementor-view-default elementor-position-top elementor-mobile-position-top elementor-widget elementor-widget-icon-box\" data-id=\"b12d6d7\" data-element_type=\"widget\" data-widget_type=\"icon-box.default\">\n\t\t\t\t<div class=\"elementor-widget-container\">\n\t\t\t\t\t\t\t<div class=\"elementor-icon-box-wrapper\">\n\n\t\t\t\t\t\t<div class=\"elementor-icon-box-icon\">\n\t\t\t\t<span  class=\"elementor-icon\">\n\t\t\t\t<i aria-hidden=\"true\" class=\"fas fa-home\"><\/i>\t\t\t\t<\/span>\n\t\t\t<\/div>\n\t\t\t\n\t\t\t\t\t\t<div class=\"elementor-icon-box-content\">\n\n\t\t\t\t\t\t\t\t\t<h3 class=\"elementor-icon-box-title\">\n\t\t\t\t\t\t<span  >\n\t\t\t\t\t\t\tBiuro\t\t\t\t\t\t<\/span>\n\t\t\t\t\t<\/h3>\n\t\t\t\t\n\t\t\t\t\t\t\t\t\t<p class=\"elementor-icon-box-description\">\n\t\t\t\t\t\t<b>ul. Borowiec 20 <br>\n47-440 N\u0119dza<\/b>\t\t\t\t\t<\/p>\n\t\t\t\t\n\t\t\t<\/div>\n\t\t\t\n\t\t<\/div>\n\t\t\t\t\t\t<\/div>\n\t\t\t\t<\/div>\n\t\t\t\t\t<\/div>\n\t\t<\/div>\n\t\t\t\t<div class=\"elementor-column elementor-col-33 elementor-top-column elementor-element elementor-element-d62b9b6\" data-id=\"d62b9b6\" data-element_type=\"column\">\n\t\t\t<div class=\"elementor-widget-wrap elementor-element-populated\">\n\t\t\t\t\t\t<div class=\"elementor-element elementor-element-2776968 elementor-view-default elementor-position-top elementor-mobile-position-top elementor-widget elementor-widget-icon-box\" data-id=\"2776968\" data-element_type=\"widget\" data-widget_type=\"icon-box.default\">\n\t\t\t\t<div class=\"elementor-widget-container\">\n\t\t\t\t\t\t\t<div class=\"elementor-icon-box-wrapper\">\n\n\t\t\t\t\t\t<div class=\"elementor-icon-box-icon\">\n\t\t\t\t<span  class=\"elementor-icon\">\n\t\t\t\t<i aria-hidden=\"true\" class=\"fas fa-mail-bulk\"><\/i>\t\t\t\t<\/span>\n\t\t\t<\/div>\n\t\t\t\n\t\t\t\t\t\t<div class=\"elementor-icon-box-content\">\n\n\t\t\t\t\t\t\t\t\t<h3 class=\"elementor-icon-box-title\">\n\t\t\t\t\t\t<span  >\n\t\t\t\t\t\t\te-mail\t\t\t\t\t\t<\/span>\n\t\t\t\t\t<\/h3>\n\t\t\t\t\n\t\t\t\t\t\t\t\t\t<p class=\"elementor-icon-box-description\">\n\t\t\t\t\t\t<b>biuro@pogrzeby-marcol.pl<\/b>\t\t\t\t\t<\/p>\n\t\t\t\t\n\t\t\t<\/div>\n\t\t\t\n\t\t<\/div>\n\t\t\t\t\t\t<\/div>\n\t\t\t\t<\/div>\n\t\t\t\t\t<\/div>\n\t\t<\/div>\n\t\t\t\t\t<\/div>\n\t\t<\/section>\n\t\t\t\t<section class=\"elementor-section elementor-top-section elementor-element elementor-element-a93268d elementor-section-boxed elementor-section-height-default elementor-section-height-default\" data-id=\"a93268d\" data-element_type=\"section\">\n\t\t\t\t\t\t\t<div class=\"elementor-background-overlay\"><\/div>\n\t\t\t\t\t\t\t<div class=\"elementor-container elementor-column-gap-default\">\n\t\t\t\t\t<div class=\"elementor-column elementor-col-50 elementor-top-column elementor-element elementor-element-7aeace1\" data-id=\"7aeace1\" data-element_type=\"column\" data-settings=\"{&quot;background_background&quot;:&quot;classic&quot;}\">\n\t\t\t<div class=\"elementor-widget-wrap elementor-element-populated\">\n\t\t\t\t\t\t<div class=\"elementor-element elementor-element-70e6fcb elementor-widget elementor-widget-image\" data-id=\"70e6fcb\" data-element_type=\"widget\" data-widget_type=\"image.default\">\n\t\t\t\t<div class=\"elementor-widget-container\">\n\t\t\t\t\t\t\t\t\t\t\t\t\t\t\t<img fetchpriority=\"high\" decoding=\"async\" width=\"800\" height=\"600\" src=\"http:\/\/pogrzeby-marcol.pl\/wp-content\/uploads\/2023\/08\/P8120118-Duzy-2-1024x768.jpeg\" class=\"attachment-large size-large wp-image-12233\" alt=\"Marcol us\u0142ugi pogrzebowe N\u0119dza\" srcset=\"http:\/\/pogrzeby-marcol.pl\/wp-content\/uploads\/2023\/08\/P8120118-Duzy-2-1024x768.jpeg 1024w, http:\/\/pogrzeby-marcol.pl\/wp-content\/uploads\/2023\/08\/P8120118-Duzy-2-300x225.jpeg 300w, http:\/\/pogrzeby-marcol.pl\/wp-content\/uploads\/2023\/08\/P8120118-Duzy-2-768x576.jpeg 768w, http:\/\/pogrzeby-marcol.pl\/wp-content\/uploads\/2023\/08\/P8120118-Duzy-2.jpeg 1280w\" sizes=\"(max-width: 800px) 100vw, 800px\" \/>\t\t\t\t\t\t\t\t\t\t\t\t\t\t\t<\/div>\n\t\t\t\t<\/div>\n\t\t\t\t\t<\/div>\n\t\t<\/div>\n\t\t\t\t<div class=\"elementor-column elementor-col-50 elementor-top-column elementor-element elementor-element-393a5a5\" data-id=\"393a5a5\" data-element_type=\"column\">\n\t\t\t<div class=\"elementor-widget-wrap elementor-element-populated\">\n\t\t\t\t\t\t<div class=\"elementor-element elementor-element-ad6783f elementor-widget elementor-widget-heading\" data-id=\"ad6783f\" data-element_type=\"widget\" data-widget_type=\"heading.default\">\n\t\t\t\t<div class=\"elementor-widget-container\">\n\t\t\t\t\t<h2 class=\"elementor-heading-title elementor-size-default\">skontaktuj si\u0119<\/h2>\t\t\t\t<\/div>\n\t\t\t\t<\/div>\n\t\t\t\t<div class=\"elementor-element elementor-element-6b3a9e1 elementor-widget elementor-widget-wpforms\" data-id=\"6b3a9e1\" data-element_type=\"widget\" data-widget_type=\"wpforms.default\">\n\t\t\t\t<div class=\"elementor-widget-container\">\n\t\t\t\t\t<div class=\"wpforms-container \" id=\"wpforms-9481\"><form id=\"wpforms-form-9481\" class=\"wpforms-validate wpforms-form\" data-formid=\"9481\" method=\"post\" enctype=\"multipart\/form-data\" action=\"\/index.php?rest_route=%2Fwp%2Fv2%2Fpages%2F2\" data-token=\"90aa2e3f480a2c1ef17d6c07c3d34d21\" data-token-time=\"1777663689\"><noscript class=\"wpforms-error-noscript\">Aby wype\u0142ni\u0107 ten formularz, w\u0142\u0105cz obs\u0142ug\u0119 JavaScript w przegl\u0105darce.<\/noscript><div class=\"wpforms-field-container\"><div id=\"wpforms-9481-field_2-container\" class=\"wpforms-field wpforms-field-name\" data-field-id=\"2\"><label class=\"wpforms-field-label\">Imi\u0119 i Nazwisko <span class=\"wpforms-required-label\">*<\/span><\/label><div class=\"wpforms-field-row wpforms-field-large\"><div class=\"wpforms-field-row-block wpforms-first wpforms-one-half\"><input type=\"text\" id=\"wpforms-9481-field_2\" class=\"wpforms-field-name-first wpforms-field-required\" name=\"wpforms[fields][2][first]\" required><label for=\"wpforms-9481-field_2\" class=\"wpforms-field-sublabel after\">Imi\u0119<\/label><\/div><div class=\"wpforms-field-row-block wpforms-one-half\"><input type=\"text\" id=\"wpforms-9481-field_2-last\" class=\"wpforms-field-name-last wpforms-field-required\" name=\"wpforms[fields][2][last]\" required><label for=\"wpforms-9481-field_2-last\" class=\"wpforms-field-sublabel after\">Nazwisko<\/label><\/div><\/div><\/div><div id=\"wpforms-9481-field_1-container\" class=\"wpforms-field wpforms-field-email\" data-field-id=\"1\"><label class=\"wpforms-field-label\" for=\"wpforms-9481-field_1\">Email <span class=\"wpforms-required-label\">*<\/span><\/label><input type=\"email\" id=\"wpforms-9481-field_1\" class=\"wpforms-field-large wpforms-field-required\" name=\"wpforms[fields][1]\" spellcheck=\"false\" required><\/div><div id=\"wpforms-9481-field_0-container\" class=\"wpforms-field wpforms-field-textarea\" data-field-id=\"0\"><label class=\"wpforms-field-label\" for=\"wpforms-9481-field_0\">Wiadomo\u015b\u0107 <span class=\"wpforms-required-label\">*<\/span><\/label><textarea id=\"wpforms-9481-field_0\" class=\"wpforms-field-large wpforms-field-required\" name=\"wpforms[fields][0]\" required><\/textarea><\/div><\/div><!-- .wpforms-field-container --><div class=\"wpforms-field wpforms-field-hp\"><label for=\"wpforms-9481-field-hp\" class=\"wpforms-field-label\">Message<\/label><input type=\"text\" name=\"wpforms[hp]\" id=\"wpforms-9481-field-hp\" class=\"wpforms-field-medium\"><\/div><div class=\"wpforms-recaptcha-container wpforms-is-recaptcha wpforms-is-recaptcha-type-v3\" ><input type=\"hidden\" name=\"wpforms[recaptcha]\" value=\"\"><\/div><div class=\"wpforms-submit-container\" ><input type=\"hidden\" name=\"wpforms[id]\" value=\"9481\"><input type=\"hidden\" name=\"page_title\" value=\"\"><input type=\"hidden\" name=\"page_url\" value=\"http:\/\/pogrzeby-marcol.pl\/index.php?rest_route=\/wp\/v2\/pages\/2\"><input type=\"hidden\" name=\"url_referer\" value=\"\"><button type=\"submit\" name=\"wpforms[submit]\" id=\"wpforms-submit-9481\" class=\"wpforms-submit\" aria-live=\"assertive\" value=\"wpforms-submit\">Wy\u015blij<\/button><\/div><\/form><\/div>  <!-- .wpforms-container -->\t\t\t\t<\/div>\n\t\t\t\t<\/div>\n\t\t\t\t\t<\/div>\n\t\t<\/div>\n\t\t\t\t\t<\/div>\n\t\t<\/section>\n\t\t\t\t<section class=\"elementor-section elementor-top-section elementor-element elementor-element-f890c91 elementor-section-boxed elementor-section-height-default elementor-section-height-default\" data-id=\"f890c91\" data-element_type=\"section\">\n\t\t\t\t\t\t\t<div class=\"elementor-background-overlay\"><\/div>\n\t\t\t\t\t\t\t<div class=\"elementor-container elementor-column-gap-default\">\n\t\t\t\t\t<div class=\"elementor-column elementor-col-100 elementor-top-column elementor-element elementor-element-9ba0b4c\" data-id=\"9ba0b4c\" data-element_type=\"column\">\n\t\t\t<div class=\"elementor-widget-wrap elementor-element-populated\">\n\t\t\t\t\t\t<div class=\"elementor-element elementor-element-7f36440 elementor-widget elementor-widget-google_maps\" data-id=\"7f36440\" data-element_type=\"widget\" data-widget_type=\"google_maps.default\">\n\t\t\t\t<div class=\"elementor-widget-container\">\n\t\t\t\t\t\t\t<div class=\"elementor-custom-embed\">\n\t\t\t<iframe\n\t\t\t\t\tdata-src=\"https:\/\/maps.google.com\/maps?q=ul.%20Borowiec%2020%2047-440%20N%C4%99dza&#038;t=m&#038;z=16&#038;output=embed&#038;iwloc=near\"\n\t\t\t\t\ttitle=\"ul. Borowiec 20 47-440 N\u0119dza\"\n\t\t\t\t\taria-label=\"ul. Borowiec 20 47-440 N\u0119dza\"\n\t\t\t src=\"data:image\/gif;base64,R0lGODlhAQABAAAAACH5BAEKAAEALAAAAAABAAEAAAICTAEAOw==\" class=\"lazyload\" data-load-mode=\"1\"><\/iframe>\n\t\t<\/div>\n\t\t\t\t\t\t<\/div>\n\t\t\t\t<\/div>\n\t\t\t\t\t<\/div>\n\t\t<\/div>\n\t\t\t\t\t<\/div>\n\t\t<\/section>\n\t\t\t\t<\/div>\n\t\t","protected":false},"excerpt":{"rendered":"<p>Kontakt Zapraszamy do kontaktu pod\u00a0ca\u0142odobowym numerem telefonu\u00a0lub poprzez formularz kontaktowy.&hellip;<\/p>\n<p> <a class=\"more-link\" href=\"http:\/\/pogrzeby-marcol.pl\/?page_id=2\">Dowiedz si\u0119 wi\u0119cej<\/a><\/p>\n","protected":false},"author":1,"featured_media":0,"parent":0,"menu_order":0,"comment_status":"closed","ping_status":"closed","template":"elementor_header_footer","meta":{"footnotes":""},"class_list":["post-2","page","type-page","status-publish"],"yoast_head":"<!-- This site is optimized with the Yoast SEO plugin v25.3.1 - https:\/\/yoast.com\/wordpress\/plugins\/seo\/ -->\n<title>Kontakt - Marcol<\/title>\n<meta name=\"description\" content=\"Zapraszamy do kontaktu pod ca\u0142odobowym numerem telefonu lub poprzez formularz kontaktowy.Biuro czynne w godzinach 8:00-16:00\" \/>\n<meta name=\"robots\" content=\"index, follow, max-snippet:-1, max-image-preview:large, max-video-preview:-1\" \/>\n<link rel=\"canonical\" href=\"http:\/\/pogrzeby-marcol.pl\/?page_id=2\" \/>\n<meta property=\"og:locale\" content=\"pl_PL\" \/>\n<meta property=\"og:type\" content=\"article\" \/>\n<meta property=\"og:title\" content=\"Kontakt - Marcol\" \/>\n<meta property=\"og:description\" content=\"Zapraszamy do kontaktu pod ca\u0142odobowym numerem telefonu lub poprzez formularz kontaktowy.Biuro czynne w godzinach 8:00-16:00\" \/>\n<meta property=\"og:url\" content=\"http:\/\/pogrzeby-marcol.pl\/?page_id=2\" \/>\n<meta property=\"og:site_name\" content=\"Marcol\" \/>\n<meta property=\"article:modified_time\" content=\"2025-02-22T08:12:01+00:00\" \/>\n<meta property=\"og:image\" content=\"http:\/\/pogrzeby-marcol.pl\/wp-content\/uploads\/2023\/08\/P8120118-Duzy-2-1024x768.jpeg\" \/>\n<meta name=\"twitter:card\" content=\"summary_large_image\" \/>\n<meta name=\"twitter:label1\" content=\"Szacowany czas czytania\" \/>\n\t<meta name=\"twitter:data1\" content=\"1 minuta\" \/>\n<script type=\"application\/ld+json\" class=\"yoast-schema-graph\">{\"@context\":\"https:\/\/schema.org\",\"@graph\":[{\"@type\":\"WebPage\",\"@id\":\"http:\/\/pogrzeby-marcol.pl\/?page_id=2\",\"url\":\"http:\/\/pogrzeby-marcol.pl\/?page_id=2\",\"name\":\"Kontakt - Marcol\",\"isPartOf\":{\"@id\":\"http:\/\/pogrzeby-marcol.pl\/#website\"},\"primaryImageOfPage\":{\"@id\":\"http:\/\/pogrzeby-marcol.pl\/?page_id=2#primaryimage\"},\"image\":{\"@id\":\"http:\/\/pogrzeby-marcol.pl\/?page_id=2#primaryimage\"},\"thumbnailUrl\":\"http:\/\/pogrzeby-marcol.pl\/wp-content\/uploads\/2023\/08\/P8120118-Duzy-2-1024x768.jpeg\",\"datePublished\":\"2023-08-24T18:17:18+00:00\",\"dateModified\":\"2025-02-22T08:12:01+00:00\",\"description\":\"Zapraszamy do kontaktu pod ca\u0142odobowym numerem telefonu lub poprzez formularz kontaktowy.Biuro czynne w godzinach 8:00-16:00\",\"breadcrumb\":{\"@id\":\"http:\/\/pogrzeby-marcol.pl\/?page_id=2#breadcrumb\"},\"inLanguage\":\"pl-PL\",\"potentialAction\":[{\"@type\":\"ReadAction\",\"target\":[\"http:\/\/pogrzeby-marcol.pl\/?page_id=2\"]}]},{\"@type\":\"ImageObject\",\"inLanguage\":\"pl-PL\",\"@id\":\"http:\/\/pogrzeby-marcol.pl\/?page_id=2#primaryimage\",\"url\":\"http:\/\/pogrzeby-marcol.pl\/wp-content\/uploads\/2023\/08\/P8120118-Duzy-2.jpeg\",\"contentUrl\":\"http:\/\/pogrzeby-marcol.pl\/wp-content\/uploads\/2023\/08\/P8120118-Duzy-2.jpeg\",\"width\":1280,\"height\":960,\"caption\":\"Marcol us\u0142ugi pogrzebowe N\u0119dza\"},{\"@type\":\"BreadcrumbList\",\"@id\":\"http:\/\/pogrzeby-marcol.pl\/?page_id=2#breadcrumb\",\"itemListElement\":[{\"@type\":\"ListItem\",\"position\":1,\"name\":\"Strona g\u0142\u00f3wna\",\"item\":\"http:\/\/pogrzeby-marcol.pl\/\"},{\"@type\":\"ListItem\",\"position\":2,\"name\":\"Kontakt\"}]},{\"@type\":\"WebSite\",\"@id\":\"http:\/\/pogrzeby-marcol.pl\/#website\",\"url\":\"http:\/\/pogrzeby-marcol.pl\/\",\"name\":\"Marcol\",\"description\":\"Zak\u0142ad Pogrzebowy\",\"potentialAction\":[{\"@type\":\"SearchAction\",\"target\":{\"@type\":\"EntryPoint\",\"urlTemplate\":\"http:\/\/pogrzeby-marcol.pl\/?s={search_term_string}\"},\"query-input\":{\"@type\":\"PropertyValueSpecification\",\"valueRequired\":true,\"valueName\":\"search_term_string\"}}],\"inLanguage\":\"pl-PL\"}]}<\/script>\n<!-- \/ Yoast SEO plugin. -->","yoast_head_json":{"title":"Kontakt - Marcol","description":"Zapraszamy do kontaktu pod ca\u0142odobowym numerem telefonu lub poprzez formularz kontaktowy.Biuro czynne w godzinach 8:00-16:00","robots":{"index":"index","follow":"follow","max-snippet":"max-snippet:-1","max-image-preview":"max-image-preview:large","max-video-preview":"max-video-preview:-1"},"canonical":"http:\/\/pogrzeby-marcol.pl\/?page_id=2","og_locale":"pl_PL","og_type":"article","og_title":"Kontakt - Marcol","og_description":"Zapraszamy do kontaktu pod ca\u0142odobowym numerem telefonu lub poprzez formularz kontaktowy.Biuro czynne w godzinach 8:00-16:00","og_url":"http:\/\/pogrzeby-marcol.pl\/?page_id=2","og_site_name":"Marcol","article_modified_time":"2025-02-22T08:12:01+00:00","og_image":[{"url":"http:\/\/pogrzeby-marcol.pl\/wp-content\/uploads\/2023\/08\/P8120118-Duzy-2-1024x768.jpeg","type":"","width":"","height":""}],"twitter_card":"summary_large_image","twitter_misc":{"Szacowany czas czytania":"1 minuta"},"schema":{"@context":"https:\/\/schema.org","@graph":[{"@type":"WebPage","@id":"http:\/\/pogrzeby-marcol.pl\/?page_id=2","url":"http:\/\/pogrzeby-marcol.pl\/?page_id=2","name":"Kontakt - Marcol","isPartOf":{"@id":"http:\/\/pogrzeby-marcol.pl\/#website"},"primaryImageOfPage":{"@id":"http:\/\/pogrzeby-marcol.pl\/?page_id=2#primaryimage"},"image":{"@id":"http:\/\/pogrzeby-marcol.pl\/?page_id=2#primaryimage"},"thumbnailUrl":"http:\/\/pogrzeby-marcol.pl\/wp-content\/uploads\/2023\/08\/P8120118-Duzy-2-1024x768.jpeg","datePublished":"2023-08-24T18:17:18+00:00","dateModified":"2025-02-22T08:12:01+00:00","description":"Zapraszamy do kontaktu pod ca\u0142odobowym numerem telefonu lub poprzez formularz kontaktowy.Biuro czynne w godzinach 8:00-16:00","breadcrumb":{"@id":"http:\/\/pogrzeby-marcol.pl\/?page_id=2#breadcrumb"},"inLanguage":"pl-PL","potentialAction":[{"@type":"ReadAction","target":["http:\/\/pogrzeby-marcol.pl\/?page_id=2"]}]},{"@type":"ImageObject","inLanguage":"pl-PL","@id":"http:\/\/pogrzeby-marcol.pl\/?page_id=2#primaryimage","url":"http:\/\/pogrzeby-marcol.pl\/wp-content\/uploads\/2023\/08\/P8120118-Duzy-2.jpeg","contentUrl":"http:\/\/pogrzeby-marcol.pl\/wp-content\/uploads\/2023\/08\/P8120118-Duzy-2.jpeg","width":1280,"height":960,"caption":"Marcol us\u0142ugi pogrzebowe N\u0119dza"},{"@type":"BreadcrumbList","@id":"http:\/\/pogrzeby-marcol.pl\/?page_id=2#breadcrumb","itemListElement":[{"@type":"ListItem","position":1,"name":"Strona g\u0142\u00f3wna","item":"http:\/\/pogrzeby-marcol.pl\/"},{"@type":"ListItem","position":2,"name":"Kontakt"}]},{"@type":"WebSite","@id":"http:\/\/pogrzeby-marcol.pl\/#website","url":"http:\/\/pogrzeby-marcol.pl\/","name":"Marcol","description":"Zak\u0142ad Pogrzebowy","potentialAction":[{"@type":"SearchAction","target":{"@type":"EntryPoint","urlTemplate":"http:\/\/pogrzeby-marcol.pl\/?s={search_term_string}"},"query-input":{"@type":"PropertyValueSpecification","valueRequired":true,"valueName":"search_term_string"}}],"inLanguage":"pl-PL"}]}},"_links":{"self":[{"href":"http:\/\/pogrzeby-marcol.pl\/index.php?rest_route=\/wp\/v2\/pages\/2","targetHints":{"allow":["GET"]}}],"collection":[{"href":"http:\/\/pogrzeby-marcol.pl\/index.php?rest_route=\/wp\/v2\/pages"}],"about":[{"href":"http:\/\/pogrzeby-marcol.pl\/index.php?rest_route=\/wp\/v2\/types\/page"}],"author":[{"embeddable":true,"href":"http:\/\/pogrzeby-marcol.pl\/index.php?rest_route=\/wp\/v2\/users\/1"}],"replies":[{"embeddable":true,"href":"http:\/\/pogrzeby-marcol.pl\/index.php?rest_route=%2Fwp%2Fv2%2Fcomments&post=2"}],"version-history":[{"count":43,"href":"http:\/\/pogrzeby-marcol.pl\/index.php?rest_route=\/wp\/v2\/pages\/2\/revisions"}],"predecessor-version":[{"id":12889,"href":"http:\/\/pogrzeby-marcol.pl\/index.php?rest_route=\/wp\/v2\/pages\/2\/revisions\/12889"}],"wp:attachment":[{"href":"http:\/\/pogrzeby-marcol.pl\/index.php?rest_route=%2Fwp%2Fv2%2Fmedia&parent=2"}],"curies":[{"name":"wp","href":"https:\/\/api.w.org\/{rel}","templated":true}]}}